{"id":32,"date":"2026-01-27T08:00:46","date_gmt":"2026-01-27T08:00:46","guid":{"rendered":"https:\/\/tt88-no-hu.net\/?page_id=32"},"modified":"2026-01-28T09:31:54","modified_gmt":"2026-01-28T09:31:54","slug":"trang-chu","status":"publish","type":"page","link":"https:\/\/tt88-no-hu.net\/","title":{"rendered":"Trang ch\u1ee7"},"content":{"rendered":"<div class=\"row row-collapse row-full-width\"  id=\"row-751447348\">\n\n\t<div id=\"col-88115294\" class=\"col medium-4 large-4\"  >\n\t\t\t\t<div class=\"col-inner\"  >\n\t\t\t\n\t\t\t\n\t<div class=\"img has-hover x md-x lg-x y md-y lg-y\" id=\"image_1533505233\">\n\t\t<a class=\"\" href=\"https:\/\/tt88-no-hu.net\/qc\/1\" target=\"_blank\" rel=\"noopener\" >\t\t\t\t\t\t<div class=\"img-inner dark\" >\n\t\t\t<img loading=\"lazy\" decoding=\"async\" width=\"580\" height=\"220\" src=\"https:\/\/tt88-no-hu.net\/wp-content\/uploads\/2026\/01\/tt88-hvm.png\" class=\"attachment-original size-original\" alt=\"TT88\" srcset=\"https:\/\/tt88-no-hu.net\/wp-content\/uploads\/2026\/01\/tt88-hvm.png 580w, https:\/\/tt88-no-hu.net\/wp-content\/uploads\/2026\/01\/tt88-hvm-300x114.png 300w\" sizes=\"auto, (max-width: 580px) 100vw, 580px\" \/>\t\t\t\t\t\t\n\t\t\t\t\t<\/div>\n\t\t\t\t\t\t<\/a>\t\t\n<style>\n#image_1533505233 {\n  width: 100%;\n}\n<\/style>\n\t<\/div>\n\t\n\t\t<\/div>\n\t\t\t\t\t<\/div>\n\n\t\n\n\t<div id=\"col-10781474\" class=\"col medium-4 large-4\"  >\n\t\t\t\t<div class=\"col-inner\"  >\n\t\t\t\n\t\t\t\n\t<div class=\"img has-hover x md-x lg-x y md-y lg-y\" id=\"image_1812533970\">\n\t\t<a class=\"\" href=\"https:\/\/tt88-no-hu.net\/qc\/1\" target=\"_blank\" rel=\"noopener\" >\t\t\t\t\t\t<div class=\"img-inner dark\" >\n\t\t\t<img loading=\"lazy\" decoding=\"async\" width=\"632\" height=\"240\" src=\"https:\/\/tt88-no-hu.net\/wp-content\/uploads\/2026\/01\/tt88-duatop.gif\" class=\"attachment-original size-original\" alt=\"TT88\" \/>\t\t\t\t\t\t\n\t\t\t\t\t<\/div>\n\t\t\t\t\t\t<\/a>\t\t\n<style>\n#image_1812533970 {\n  width: 100%;\n}\n<\/style>\n\t<\/div>\n\t\n\t\t<\/div>\n\t\t\t\t\t<\/div>\n\n\t\n\n\t<div id=\"col-1163975805\" class=\"col medium-4 large-4\"  >\n\t\t\t\t<div class=\"col-inner\"  >\n\t\t\t\n\t\t\t\n\t<div class=\"img has-hover x md-x lg-x y md-y lg-y\" id=\"image_503313504\">\n\t\t<a class=\"\" href=\"https:\/\/tt88-no-hu.net\/qc\/1\" target=\"_blank\" rel=\"noopener\" >\t\t\t\t\t\t<div class=\"img-inner dark\" >\n\t\t\t<img loading=\"lazy\" decoding=\"async\" width=\"580\" height=\"220\" src=\"https:\/\/tt88-no-hu.net\/wp-content\/uploads\/2026\/01\/tt88-vip.png\" class=\"attachment-original size-original\" alt=\"TT88\" srcset=\"https:\/\/tt88-no-hu.net\/wp-content\/uploads\/2026\/01\/tt88-vip.png 580w, https:\/\/tt88-no-hu.net\/wp-content\/uploads\/2026\/01\/tt88-vip-300x114.png 300w\" sizes=\"auto, (max-width: 580px) 100vw, 580px\" \/>\t\t\t\t\t\t\n\t\t\t\t\t<\/div>\n\t\t\t\t\t\t<\/a>\t\t\n<style>\n#image_503313504 {\n  width: 100%;\n}\n<\/style>\n\t<\/div>\n\t\n\t\t<\/div>\n\t\t\t\t\t<\/div>\n\n\t\n<\/div>\n<div class=\"row\"  id=\"row-1680507215\">\n\n\t<div id=\"col-81922481\" class=\"col medium-4 small-12 large-4\"  >\n\t\t\t\t<div class=\"col-inner\"  >\n\t\t\t\n\t\t\t\n<div class=\"row\"  id=\"row-57414336\">\n\n\t<div id=\"col-1445427617\" class=\"col medium-6 small-12 large-6\"  >\n\t\t\t\t<div class=\"col-inner\"  >\n\t\t\t\n\t\t\t\n\t<div class=\"img has-hover x md-x lg-x y md-y lg-y\" id=\"image_1698822092\">\n\t\t<a class=\"\" href=\"https:\/\/tt88-no-hu.net\/qc\/1\" target=\"_blank\" rel=\"noopener\" >\t\t\t\t\t\t<div class=\"img-inner image-zoom dark\" >\n\t\t\t<img loading=\"lazy\" decoding=\"async\" width=\"500\" height=\"500\" src=\"https:\/\/tt88-no-hu.net\/wp-content\/uploads\/2026\/01\/the-thao.png\" class=\"attachment-original size-original\" alt=\"\" srcset=\"https:\/\/tt88-no-hu.net\/wp-content\/uploads\/2026\/01\/the-thao.png 500w, https:\/\/tt88-no-hu.net\/wp-content\/uploads\/2026\/01\/the-thao-300x300.png 300w, https:\/\/tt88-no-hu.net\/wp-content\/uploads\/2026\/01\/the-thao-150x150.png 150w\" sizes=\"auto, (max-width: 500px) 100vw, 500px\" \/>\t\t\t\t\t\t\n\t\t\t\t\t<\/div>\n\t\t\t\t\t\t<\/a>\t\t\n<style>\n#image_1698822092 {\n  width: 100%;\n}\n<\/style>\n\t<\/div>\n\t\n\t\t<\/div>\n\t\t\t\t\t<\/div>\n\n\t\n\n\t<div id=\"col-2120549889\" class=\"col medium-6 small-12 large-6\"  >\n\t\t\t\t<div class=\"col-inner\"  >\n\t\t\t\n\t\t\t\n\t<div class=\"img has-hover x md-x lg-x y md-y lg-y\" id=\"image_591512864\">\n\t\t<a class=\"\" href=\"https:\/\/tt88-no-hu.net\/qc\/1\" target=\"_blank\" rel=\"noopener\" >\t\t\t\t\t\t<div class=\"img-inner image-zoom dark\" >\n\t\t\t<img loading=\"lazy\" decoding=\"async\" width=\"500\" height=\"500\" src=\"https:\/\/tt88-no-hu.net\/wp-content\/uploads\/2026\/01\/ban-ca.png\" class=\"attachment-original size-original\" alt=\"\" srcset=\"https:\/\/tt88-no-hu.net\/wp-content\/uploads\/2026\/01\/ban-ca.png 500w, https:\/\/tt88-no-hu.net\/wp-content\/uploads\/2026\/01\/ban-ca-300x300.png 300w, https:\/\/tt88-no-hu.net\/wp-content\/uploads\/2026\/01\/ban-ca-150x150.png 150w\" sizes=\"auto, (max-width: 500px) 100vw, 500px\" \/>\t\t\t\t\t\t\n\t\t\t\t\t<\/div>\n\t\t\t\t\t\t<\/a>\t\t\n<style>\n#image_591512864 {\n  width: 100%;\n}\n<\/style>\n\t<\/div>\n\t\n\t\t<\/div>\n\t\t\t\t\t<\/div>\n\n\t\n<\/div>\n\t\t<\/div>\n\t\t\t\t\t<\/div>\n\n\t\n\n\t<div id=\"col-622907991\" class=\"col medium-4 small-12 large-4\"  >\n\t\t\t\t<div class=\"col-inner\"  >\n\t\t\t\n\t\t\t\n<div class=\"row\"  id=\"row-55843244\">\n\n\t<div id=\"col-1948738693\" class=\"col medium-6 small-12 large-6\"  >\n\t\t\t\t<div class=\"col-inner\"  >\n\t\t\t\n\t\t\t\n\t<div class=\"img has-hover x md-x lg-x y md-y lg-y\" id=\"image_1771337150\">\n\t\t<a class=\"\" href=\"https:\/\/tt88-no-hu.net\/qc\/1\" target=\"_blank\" rel=\"noopener\" >\t\t\t\t\t\t<div class=\"img-inner image-zoom dark\" >\n\t\t\t<img loading=\"lazy\" decoding=\"async\" width=\"500\" height=\"500\" src=\"https:\/\/tt88-no-hu.net\/wp-content\/uploads\/2026\/01\/no-hu.png\" class=\"attachment-original size-original\" alt=\"\" srcset=\"https:\/\/tt88-no-hu.net\/wp-content\/uploads\/2026\/01\/no-hu.png 500w, https:\/\/tt88-no-hu.net\/wp-content\/uploads\/2026\/01\/no-hu-300x300.png 300w, https:\/\/tt88-no-hu.net\/wp-content\/uploads\/2026\/01\/no-hu-150x150.png 150w\" sizes=\"auto, (max-width: 500px) 100vw, 500px\" \/>\t\t\t\t\t\t\n\t\t\t\t\t<\/div>\n\t\t\t\t\t\t<\/a>\t\t\n<style>\n#image_1771337150 {\n  width: 100%;\n}\n<\/style>\n\t<\/div>\n\t\n\t\t<\/div>\n\t\t\t\t\t<\/div>\n\n\t\n\n\t<div id=\"col-1168122028\" class=\"col medium-6 small-12 large-6\"  >\n\t\t\t\t<div class=\"col-inner\"  >\n\t\t\t\n\t\t\t\n\t<div class=\"img has-hover x md-x lg-x y md-y lg-y\" id=\"image_1851072390\">\n\t\t<a class=\"\" href=\"https:\/\/tt88-no-hu.net\/qc\/1\" target=\"_blank\" rel=\"noopener\" >\t\t\t\t\t\t<div class=\"img-inner image-zoom dark\" >\n\t\t\t<img loading=\"lazy\" decoding=\"async\" width=\"500\" height=\"500\" src=\"https:\/\/tt88-no-hu.net\/wp-content\/uploads\/2026\/01\/live-casino.png\" class=\"attachment-original size-original\" alt=\"TT88\" srcset=\"https:\/\/tt88-no-hu.net\/wp-content\/uploads\/2026\/01\/live-casino.png 500w, https:\/\/tt88-no-hu.net\/wp-content\/uploads\/2026\/01\/live-casino-300x300.png 300w, https:\/\/tt88-no-hu.net\/wp-content\/uploads\/2026\/01\/live-casino-150x150.png 150w\" sizes=\"auto, (max-width: 500px) 100vw, 500px\" \/>\t\t\t\t\t\t\n\t\t\t\t\t<\/div>\n\t\t\t\t\t\t<\/a>\t\t\n<style>\n#image_1851072390 {\n  width: 100%;\n}\n<\/style>\n\t<\/div>\n\t\n\t\t<\/div>\n\t\t\t\t\t<\/div>\n\n\t\n<\/div>\n\t\t<\/div>\n\t\t\t\t\t<\/div>\n\n\t\n\n\t<div id=\"col-577454743\" class=\"col medium-4 small-12 large-4\"  >\n\t\t\t\t<div class=\"col-inner\"  >\n\t\t\t\n\t\t\t\n<div class=\"row\"  id=\"row-1651415901\">\n\n\t<div id=\"col-2115644932\" class=\"col medium-6 small-12 large-6\"  >\n\t\t\t\t<div class=\"col-inner\"  >\n\t\t\t\n\t\t\t\n\t<div class=\"img has-hover x md-x lg-x y md-y lg-y\" id=\"image_1907331228\">\n\t\t<a class=\"\" href=\"https:\/\/tt88-no-hu.net\/qc\/1\" target=\"_blank\" rel=\"noopener\" >\t\t\t\t\t\t<div class=\"img-inner image-zoom dark\" >\n\t\t\t<img loading=\"lazy\" decoding=\"async\" width=\"500\" height=\"500\" src=\"https:\/\/tt88-no-hu.net\/wp-content\/uploads\/2026\/01\/da-ga.png\" class=\"attachment-original size-original\" alt=\"\" srcset=\"https:\/\/tt88-no-hu.net\/wp-content\/uploads\/2026\/01\/da-ga.png 500w, https:\/\/tt88-no-hu.net\/wp-content\/uploads\/2026\/01\/da-ga-300x300.png 300w, https:\/\/tt88-no-hu.net\/wp-content\/uploads\/2026\/01\/da-ga-150x150.png 150w\" sizes=\"auto, (max-width: 500px) 100vw, 500px\" \/>\t\t\t\t\t\t\n\t\t\t\t\t<\/div>\n\t\t\t\t\t\t<\/a>\t\t\n<style>\n#image_1907331228 {\n  width: 100%;\n}\n<\/style>\n\t<\/div>\n\t\n\t\t<\/div>\n\t\t\t\t\t<\/div>\n\n\t\n\n\t<div id=\"col-15332988\" class=\"col medium-6 small-12 large-6\"  >\n\t\t\t\t<div class=\"col-inner\"  >\n\t\t\t\n\t\t\t\n\t<div class=\"img has-hover x md-x lg-x y md-y lg-y\" id=\"image_717184486\">\n\t\t<a class=\"\" href=\"https:\/\/tt88-no-hu.net\/qc\/1\" target=\"_blank\" rel=\"noopener\" >\t\t\t\t\t\t<div class=\"img-inner image-zoom dark\" >\n\t\t\t<img loading=\"lazy\" decoding=\"async\" width=\"500\" height=\"500\" src=\"https:\/\/tt88-no-hu.net\/wp-content\/uploads\/2026\/01\/xo-so.png\" class=\"attachment-original size-original\" alt=\"TT88\" srcset=\"https:\/\/tt88-no-hu.net\/wp-content\/uploads\/2026\/01\/xo-so.png 500w, https:\/\/tt88-no-hu.net\/wp-content\/uploads\/2026\/01\/xo-so-300x300.png 300w, https:\/\/tt88-no-hu.net\/wp-content\/uploads\/2026\/01\/xo-so-150x150.png 150w\" sizes=\"auto, (max-width: 500px) 100vw, 500px\" \/>\t\t\t\t\t\t\n\t\t\t\t\t<\/div>\n\t\t\t\t\t\t<\/a>\t\t\n<style>\n#image_717184486 {\n  width: 100%;\n}\n<\/style>\n\t<\/div>\n\t\n\t\t<\/div>\n\t\t\t\t\t<\/div>\n\n\t\n<\/div>\n\t\t<\/div>\n\t\t\t\t\t<\/div>\n\n\t\n<\/div>\n<div class=\"row\"  id=\"row-1655287218\">\n\n\t<div id=\"col-2095627140\" class=\"col small-12 large-12\"  >\n\t\t\t\t<div class=\"col-inner\"  >\n\t\t\t\n\t\t\t\n\t<div id=\"text-2171566875\" class=\"text\">\n\t\t\n<h1 style=\"text-align: center;\"><strong><span style=\"font-family: verdana, geneva, sans-serif;\">TT88 n\u1ed5 h\u1ee7 &#8211; Link truy c\u1eadp nh\u00e0 c\u00e1i TT88.com &#8211; Nh\u1eadn 58k<\/span><\/strong><\/h1>\n<blockquote><p><span style=\"font-family: verdana, geneva, sans-serif;\">TT88 n\u1ed5 h\u1ee7 \u2013 s\u00e2n ch\u01a1i c\u00e1 c\u01b0\u1ee3c tr\u1ef1c tuy\u1ebfn <b>an to\u00e0n, uy t\u00edn v\u00e0 t\u1ed1i \u01b0u tr\u1ea3i nghi\u1ec7m<\/b>. V\u1edbi giao di\u1ec7n th\u00e2n thi\u1ec7n, thao t\u00e1c nhanh, b\u1ea3o m\u1eadt tuy\u1ec7t \u0111\u1ed1i v\u00e0 h\u1ed7 tr\u1ee3 24\/7, TT88 mang \u0111\u1ebfn <b>tr\u1ea3i nghi\u1ec7m tr\u1ecdn v\u1eb9n, ti\u1ec7n l\u1ee3i v\u00e0 \u0111\u00e1ng tin c\u1eady<\/b>\u00a0cho m\u1ecdi game th\u1ee7.<\/span><\/p>\n<p style=\"text-align: center;\"><span style=\"font-family: verdana, geneva, sans-serif;\">Link truy c\u1eadp ch\u00ednh th\u1ee9c c\u1ed5ng game: <span style=\"color: #ff9900;\"><a style=\"color: #ff9900;\" href=\"https:\/\/tt88-no-hu.net\/\"><strong>https:\/\/tt88-no-hu.net\/<\/strong><\/a><\/span><\/span><\/p>\n<\/blockquote>\n<h3><span style=\"font-family: verdana, geneva, sans-serif;\"><b><img decoding=\"async\" class=\"emoji\" role=\"img\" draggable=\"false\" src=\"https:\/\/s.w.org\/images\/core\/emoji\/17.0.2\/svg\/2b50.svg\" alt=\"\u2b50\" \/> T\u1ed5ng Quan V\u1ec1 TT88 n\u1ed5 h\u1ee7<\/b><\/span><\/h3>\n<p><span style=\"font-family: verdana, geneva, sans-serif;\"><b>Nh\u00e0 c\u00e1i TT88 n\u1ed5 h\u1ee7 <\/b>mu\u1ed1n t\u1ea1o ra m\u1ed9t s\u00e2n ch\u01a1i\u00a0<b>minh b\u1ea1ch, c\u00f4ng b\u1eb1ng<\/b>\u00a0cho ng\u01b0\u1eddi ch\u01a1i tr\u00ean to\u00e0n th\u1ebf gi\u1edbi. Nh\u00e0 c\u00e1i \u0111\u00e3 thi\u1ebft l\u1eadp quan h\u1ec7 \u0111\u1ed1i t\u00e1c v\u1edbi nhi\u1ec1u nh\u00e0 cung c\u1ea5p l\u1edbn, t\u1ed1i \u01b0u h\u00f3a c\u00f4ng ngh\u1ec7 v\u00e0 \u0111\u01b0\u1ee3c c\u1ea5p\u00a0<b>gi\u1ea5y ph\u00e9p ho\u1ea1t \u0111\u1ed9ng h\u1ee3p ph\u00e1p t\u1eeb Curacao eGaming<\/b>.<\/span><\/p>\n<ul>\n<li><span style=\"font-family: verdana, geneva, sans-serif;\"><b>Ph\u00e1t tri\u1ec3n v\u00e0 Uy t\u00edn:<\/b> Trong h\u01a1n m\u01b0\u1eddi n\u0103m ho\u1ea1t \u0111\u1ed9ng, TT88 \u0111\u00e3 m\u1edf r\u1ed9ng sang nhi\u1ec1u qu\u1ed1c gia, ph\u1ee5c v\u1ee5 h\u00e0ng tri\u1ec7u ng\u01b0\u1eddi ch\u01a1i. S\u1ef1 ra \u0111\u1eddi c\u1ee7a <b>\u1ee9ng d\u1ee5ng di \u0111\u1ed9ng (iOS\/Android)<\/b>\u00a0v\u00e0 c\u00e1c gi\u1ea3i th\u01b0\u1edfng uy t\u00edn l\u00e0 minh ch\u1ee9ng cho v\u1ecb th\u1ebf v\u1eefng ch\u1eafc.<\/span><\/li>\n<li><span style=\"font-family: verdana, geneva, sans-serif;\"><b>\u0110\u00e1nh gi\u00e1:<\/b> TT88 n\u1ed5 h\u1ee7 n\u1ed5i b\u1eadt nh\u1edd s\u1ef1 k\u1ebft h\u1ee3p gi\u1eefa <b>c\u00f4ng ngh\u1ec7 hi\u1ec7n \u0111\u1ea1i<\/b>\u00a0v\u00e0\u00a0<b>d\u1ecbch v\u1ee5 kh\u00e1ch h\u00e0ng t\u1eadn t\u00e2m<\/b>. Kh\u1ea3 n\u0103ng \u0111\u1ed5i m\u1edbi li\u00ean t\u1ee5c, t\u1ef7 l\u1ec7 c\u01b0\u1ee3c c\u1ea1nh tranh, \u01b0u \u0111\u00e3i h\u1ea5p d\u1eabn, c\u00f9ng quy tr\u00ecnh\u00a0<b>n\u1ea1p\/r\u00fat ti\u1ec1n nhanh ch\u00f3ng v\u00e0 r\u00f5 r\u00e0ng<\/b>\u00a0l\u00e0 nh\u1eefng \u0111i\u1ec3m m\u1ea1nh c\u1ed1t l\u00f5i.<\/span><\/li>\n<\/ul>\n<h3><span style=\"font-family: verdana, geneva, sans-serif;\"><b><img decoding=\"async\" class=\"emoji\" role=\"img\" draggable=\"false\" src=\"https:\/\/s.w.org\/images\/core\/emoji\/17.0.2\/svg\/1f6e1.svg\" alt=\"\ud83d\udee1\ufe0f\" \/> \u01afu Th\u1ebf V\u01b0\u1ee3t Tr\u1ed9i C\u1ee7a TT88 n\u1ed5 h\u1ee7<\/b><\/span><\/h3>\n<ul>\n<li><span style=\"font-family: verdana, geneva, sans-serif;\"><b>Ph\u00e1p l\u00fd r\u00f5 r\u00e0ng:<\/b> \u0110\u01b0\u1ee3c \u00a0\u0111\u0103ng k\u00fd v\u00e0 c\u1ea5p ph\u00e9p h\u1ee3p ph\u00e1p \u1edf Costa Rica,\u00a0TT88 n\u1ed5 h\u1ee7 cam k\u1ebft minh b\u1ea1ch v\u00e0 tu\u00e2n th\u1ee7 m\u1ecdi quy \u0111\u1ecbnh nghi\u00eam ng\u1eb7t.<\/span><\/li>\n<li><span style=\"font-family: verdana, geneva, sans-serif;\"><b>An ninh t\u1ed1i \u0111a:<\/b>\u00a0\u00c1p d\u1ee5ng c\u00f4ng ngh\u1ec7 m\u00e3 h\u00f3a\u00a0<b>SSL 256-bit<\/b>\u00a0v\u00e0 h\u1ec7 th\u1ed1ng t\u01b0\u1eddng l\u1eeda \u0111a l\u1edbp, b\u1ea3o v\u1ec7 tuy\u1ec7t \u0111\u1ed1i d\u1eef li\u1ec7u c\u00e1 nh\u00e2n v\u00e0 t\u00e0i ch\u00ednh ng\u01b0\u1eddi d\u00f9ng.<\/span><\/li>\n<li><span style=\"font-family: verdana, geneva, sans-serif;\"><b>Thanh to\u00e1n ti\u1ec7n l\u1ee3i &amp; t\u1ed1c \u0111\u1ed9:<\/b>\u00a0H\u1ed7 tr\u1ee3 nhi\u1ec1u ph\u01b0\u01a1ng th\u1ee9c giao d\u1ecbch (chuy\u1ec3n kho\u1ea3n, v\u00ed \u0111i\u1ec7n t\u1eed, th\u1ebb c\u00e0o). \u0110\u1ea3m b\u1ea3o giao d\u1ecbch\u00a0<b>nhanh ch\u00f3ng, an to\u00e0n tuy\u1ec7t \u0111\u1ed1i<\/b>.<\/span><\/li>\n<li><span style=\"font-family: verdana, geneva, sans-serif;\"><b>H\u1ed7 tr\u1ee3 chuy\u00ean nghi\u1ec7p 24\/7:<\/b>\u00a0\u0110\u1ed9i ng\u0169 CSKH ho\u1ea1t \u0111\u1ed9ng\u00a0<b>li\u00ean t\u1ee5c<\/b>, s\u1eb5n s\u00e0ng gi\u1ea3i \u0111\u00e1p m\u1ecdi th\u1eafc m\u1eafc qua livechat, email, hotline v\u1edbi th\u00e1i \u0111\u1ed9 chuy\u00ean nghi\u1ec7p.<\/span><\/li>\n<li><span style=\"font-family: verdana, geneva, sans-serif;\"><b>M\u1ee9c tr\u1ea3 th\u01b0\u1edfng cao:<\/b>\u00a0T\u1ef7 l\u1ec7 k\u00e8o n\u1eb1m trong\u00a0<b>top \u0111\u1ea7u th\u1ecb tr\u01b0\u1eddng<\/b>, gi\u00fap ng\u01b0\u1eddi ch\u01a1i t\u1ed1i \u0111a h\u00f3a l\u1ee3i nhu\u1eadn.<\/span><\/li>\n<\/ul>\n<h3><span style=\"font-family: verdana, geneva, sans-serif;\"><b><img decoding=\"async\" class=\"emoji\" role=\"img\" draggable=\"false\" src=\"https:\/\/s.w.org\/images\/core\/emoji\/17.0.2\/svg\/1f3b0.svg\" alt=\"\ud83c\udfb0\" \/>\u00a0C\u00e1c S\u1ea3n Ph\u1ea9m C\u00e1 C\u01b0\u1ee3c Tr\u1ecdng \u0110i\u1ec3m<\/b><\/span><\/h3>\n<p><span style=\"font-family: verdana, geneva, sans-serif;\">TT88 n\u1ed5 h\u1ee7 t\u1ef1 h\u00e0o c\u00f3 kho tr\u00f2 ch\u01a1i phong ph\u00fa, \u0111\u00e1p \u1ee9ng m\u1ecdi s\u1edf th\u00edch gi\u1ea3i tr\u00ed:<\/span><\/p>\n<ul>\n<li><span style=\"font-family: verdana, geneva, sans-serif;\"><b>C\u00e1 C\u01b0\u1ee3c Th\u1ec3 Thao:<\/b>\u00a0Cung c\u1ea5p \u0111a d\u1ea1ng b\u1ed9 m\u00f4n (B\u00f3ng \u0111\u00e1, B\u00f3ng r\u1ed5, Tennis\u2026) v\u00e0 c\u00e1c gi\u1ea3i \u0111\u1ea5u l\u1edbn. T\u1ef7 l\u1ec7 k\u00e8o c\u1ea1nh tranh,\u00a0<b>\u0111\u1ed9 tr\u1ec5 th\u1ea5p<\/b>, h\u1ed7 tr\u1ee3 nhi\u1ec1u h\u00ecnh th\u1ee9c c\u01b0\u1ee3c kh\u00e1c nhau.<\/span><\/li>\n<li><span style=\"font-family: verdana, geneva, sans-serif;\"><b>S\u00f2ng B\u1ea1c Tr\u1ef1c Tuy\u1ebfn (Live Casino):<\/b>\u00a0Tr\u1ea3i nghi\u1ec7m Baccarat, Poker, Roulette, Sicbo v\u1edbi ch\u1ea5t l\u01b0\u1ee3ng h\u00ecnh \u1ea3nh s\u1eafc n\u00e9t, \u00e2m thanh s\u1ed1ng \u0111\u1ed9ng, c\u00f9ng c\u00e1c\u00a0<b>Dealer th\u1eadt xinh \u0111\u1eb9p<\/b>.<\/span><\/li>\n<li><span style=\"font-family: verdana, geneva, sans-serif;\"><b>Kho Game Kh\u00e1c:<\/b>\u00a0C\u00e1c tr\u00f2 ch\u01a1i gi\u1ea3i tr\u00ed \u0111a d\u1ea1ng nh\u01b0\u00a0<b>Slot Game<\/b>\u00a0nhi\u1ec1u ch\u1ee7 \u0111\u1ec1,\u00a0<b>B\u1eafn C\u00e1<\/b>\u00a0\u0111\u1ed3 h\u1ecda hi\u1ec7n \u0111\u1ea1i,\u00a0<b>X\u1ed5 s\u1ed1 tr\u1ef1c tuy\u1ebfn<\/b>\u00a0v\u00e0\u00a0<b>Keno<\/b>, d\u1ec5 ch\u01a1i v\u00e0 c\u00f3 c\u01a1 h\u1ed9i th\u1eafng l\u1edbn.<\/span><\/li>\n<\/ul>\n<h3><span style=\"font-family: verdana, geneva, sans-serif;\"><b><img decoding=\"async\" class=\"emoji\" role=\"img\" draggable=\"false\" src=\"https:\/\/s.w.org\/images\/core\/emoji\/17.0.2\/svg\/1f4b0.svg\" alt=\"\ud83d\udcb0\" \/>\u00a0\u01afu \u0110\u00e3i &amp; Khuy\u1ebfn M\u00e3i \u0110\u1eb7c Bi\u1ec7t<\/b><\/span><\/h3>\n<p><span style=\"font-family: verdana, geneva, sans-serif;\">TT88 n\u1ed5 h\u1ee7 lu\u00f4n c\u00f3 c\u00e1c ch\u01b0\u01a1ng tr\u00ecnh khuy\u1ebfn m\u00e3i h\u1ea5p d\u1eabn d\u00e0nh cho m\u1ecdi th\u00e0nh vi\u00ean:<\/span><\/p>\n<ul>\n<li><span style=\"font-family: verdana, geneva, sans-serif;\"><b>Th\u01b0\u1edfng Ch\u00e0o M\u1eebng 100%<\/b>\u00a0gi\u00e1 tr\u1ecb l\u1ea7n n\u1ea1p \u0111\u1ea7u ti\u00ean.<\/span><\/li>\n<li><span style=\"font-family: verdana, geneva, sans-serif;\">T\u1eb7ng\u00a0<b>50 l\u01b0\u1ee3t quay Slot mi\u1ec5n ph\u00ed<\/b>\u00a0khi n\u1ea1p l\u1ea7n hai.<\/span><\/li>\n<li><span style=\"font-family: verdana, geneva, sans-serif;\"><b>Ho\u00e0n tr\u1ea3 1% c\u01b0\u1ee3c th\u1ec3 thao<\/b>\u00a0h\u00e0ng tu\u1ea7n kh\u00f4ng gi\u1edbi h\u1ea1n.<\/span><\/li>\n<li><span style=\"font-family: verdana, geneva, sans-serif;\">V\u00f2ng quay may m\u1eafn h\u00e0ng ng\u00e0y, c\u00f9ng \u01b0u \u0111\u00e3i sinh nh\u1eadt \u0111\u1ed9c quy\u1ec1n.<\/span><\/li>\n<\/ul>\n<h3><span style=\"font-family: verdana, geneva, sans-serif;\"><b><img decoding=\"async\" class=\"emoji\" role=\"img\" draggable=\"false\" src=\"https:\/\/s.w.org\/images\/core\/emoji\/17.0.2\/svg\/2705.svg\" alt=\"\u2705\" \/> H\u01b0\u1edbng D\u1eabn Tham Gia &amp; T\u1ea3i App TT88 n\u1ed5 h\u1ee7<\/b><\/span><\/h3>\n<ul>\n<li><span style=\"font-family: verdana, geneva, sans-serif;\"><b>\u0110\u0103ng k\u00fd\/\u0110\u0103ng nh\u1eadp:<\/b>\u00a0Truy c\u1eadp trang ch\u1ee7, nh\u1ea5n\u00a0<b>\u201c\u0110\u0103ng k\u00fd\u201d<\/b>\u00a0ho\u1eb7c\u00a0<b>\u201c\u0110\u0103ng nh\u1eadp\u201d<\/b>, ho\u00e0n t\u1ea5t th\u00f4ng tin v\u00e0 x\u00e1c nh\u1eadn.<\/span><\/li>\n<li><span style=\"font-family: verdana, geneva, sans-serif;\"><b>N\u1ea1p\/R\u00fat Ti\u1ec1n:<\/b>\u00a0Th\u1ef1c hi\u1ec7n giao d\u1ecbch nhanh ch\u00f3ng qua m\u1ee5c t\u01b0\u01a1ng \u1ee9ng, ch\u1ecdn ph\u01b0\u01a1ng th\u1ee9c (ng\u00e2n h\u00e0ng, v\u00ed \u0111i\u1ec7n t\u1eed) v\u00e0 x\u00e1c nh\u1eadn.<\/span><\/li>\n<li><span style=\"font-family: verdana, geneva, sans-serif;\"><b>T\u1ea3i App:<\/b>\u00a0Tr\u00ean trang ch\u1ee7, ch\u1ecdn m\u1ee5c\u00a0<b>\u201cT\u1ea3i \u1ee9ng d\u1ee5ng\u201d<\/b>, t\u1ea3i phi\u00ean b\u1ea3n\u00a0<b>iOS<\/b>\u00a0ho\u1eb7c\u00a0<b>Android<\/b>\u00a0\u0111\u1ec3 c\u00f3 tr\u1ea3i nghi\u1ec7m m\u01b0\u1ee3t m\u00e0.<\/span><\/li>\n<\/ul>\n<blockquote>\n<p style=\"text-align: center;\"><span style=\"font-family: verdana, geneva, sans-serif;\">TT88 n\u1ed5 h\u1ee7 l\u00e0 l\u1ef1a ch\u1ecdn ho\u00e0n h\u1ea3o, k\u1ebft h\u1ee3p gi\u1eefa <b>uy t\u00edn qu\u1ed1c t\u1ebf, c\u00f4ng ngh\u1ec7 hi\u1ec7n \u0111\u1ea1i<\/b>\u00a0v\u00e0\u00a0<b>ch\u1ea5t l\u01b0\u1ee3ng d\u1ecbch v\u1ee5 v\u01b0\u1ee3t tr\u1ed9i<\/b><\/span><\/p>\n<\/blockquote>\n\t\t\n<style>\n#text-2171566875 {\n  color: rgb(255,255,255);\n}\n#text-2171566875 > * {\n  color: rgb(255,255,255);\n}\n<\/style>\n\t<\/div>\n\t\n\t\t<\/div>\n\t\t\t\t\t<\/div>\n\n\t\n<\/div>\n","protected":false},"excerpt":{"rendered":"","protected":false},"author":1,"featured_media":6,"parent":0,"menu_order":0,"comment_status":"closed","ping_status":"closed","template":"","meta":{"footnotes":""},"class_list":["post-32","page","type-page","status-publish","has-post-thumbnail","hentry"],"_links":{"self":[{"href":"https:\/\/tt88-no-hu.net\/index.php?rest_route=\/wp\/v2\/pages\/32","targetHints":{"allow":["GET"]}}],"collection":[{"href":"https:\/\/tt88-no-hu.net\/index.php?rest_route=\/wp\/v2\/pages"}],"about":[{"href":"https:\/\/tt88-no-hu.net\/index.php?rest_route=\/wp\/v2\/types\/page"}],"author":[{"embeddable":true,"href":"https:\/\/tt88-no-hu.net\/index.php?rest_route=\/wp\/v2\/users\/1"}],"replies":[{"embeddable":true,"href":"https:\/\/tt88-no-hu.net\/index.php?rest_route=%2Fwp%2Fv2%2Fcomments&post=32"}],"version-history":[{"count":11,"href":"https:\/\/tt88-no-hu.net\/index.php?rest_route=\/wp\/v2\/pages\/32\/revisions"}],"predecessor-version":[{"id":66,"href":"https:\/\/tt88-no-hu.net\/index.php?rest_route=\/wp\/v2\/pages\/32\/revisions\/66"}],"wp:featuredmedia":[{"embeddable":true,"href":"https:\/\/tt88-no-hu.net\/index.php?rest_route=\/wp\/v2\/media\/6"}],"wp:attachment":[{"href":"https:\/\/tt88-no-hu.net\/index.php?rest_route=%2Fwp%2Fv2%2Fmedia&parent=32"}],"curies":[{"name":"wp","href":"https:\/\/api.w.org\/{rel}","templated":true}]}}